{"id":2627,"date":"2020-03-19T16:33:07","date_gmt":"2020-03-19T15:33:07","guid":{"rendered":"http:\/\/ecolemusiquedanse-stgalmier.fr\/V2\/?page_id=2627"},"modified":"2026-03-13T16:15:01","modified_gmt":"2026-03-13T15:15:01","slug":"la-danse-modern-jazz","status":"publish","type":"page","link":"https:\/\/ecolemusiquedanse-stgalmier.fr\/index.php\/la-danse-modern-jazz\/","title":{"rendered":"MODERN JAZZ"},"content":{"rendered":"\t\t<div data-elementor-type=\"wp-page\" data-elementor-id=\"2627\" class=\"elementor elementor-2627\">\n\t\t\t\t<div class=\"elementor-element elementor-element-3f0f281 e-con-full e-flex e-con e-parent\" data-id=\"3f0f281\" data-element_type=\"container\" data-settings=\"{&quot;background_background&quot;:&quot;classic&quot;,&quot;shape_divider_top&quot;:&quot;tilt&quot;,&quot;shape_divider_bottom&quot;:&quot;tilt&quot;}\">\n\t\t\t\t<div class=\"elementor-shape elementor-shape-top\" aria-hidden=\"true\" data-negative=\"false\">\n\t\t\t<svg xmlns=\"http:\/\/www.w3.org\/2000\/svg\" viewBox=\"0 0 1000 100\" preserveAspectRatio=\"none\">\n\t<path class=\"elementor-shape-fill\" d=\"M0,6V0h1000v100L0,6z\"\/>\n<\/svg>\t\t<\/div>\n\t\t\t\t<div class=\"elementor-shape elementor-shape-bottom\" aria-hidden=\"true\" data-negative=\"false\">\n\t\t\t<svg xmlns=\"http:\/\/www.w3.org\/2000\/svg\" viewBox=\"0 0 1000 100\" preserveAspectRatio=\"none\">\n\t<path class=\"elementor-shape-fill\" d=\"M0,6V0h1000v100L0,6z\"\/>\n<\/svg>\t\t<\/div>\n\t\t\t\t<div class=\"elementor-element elementor-element-0d3ce44 elementor-widget-divider--view-line elementor-widget elementor-widget-divider\" data-id=\"0d3ce44\" data-element_type=\"widget\" data-widget_type=\"divider.default\">\n\t\t\t\t<div class=\"elementor-widget-container\">\n\t\t\t\t\t\t\t<div class=\"elementor-divider\">\n\t\t\t<span class=\"elementor-divider-separator\">\n\t\t\t\t\t\t<\/span>\n\t\t<\/div>\n\t\t\t\t\t\t<\/div>\n\t\t\t\t<\/div>\n\t\t\t\t<div class=\"elementor-element elementor-element-f60870f elementor-widget elementor-widget-heading\" data-id=\"f60870f\" data-element_type=\"widget\" data-widget_type=\"heading.default\">\n\t\t\t\t<div class=\"elementor-widget-container\">\n\t\t\t\t\t<h2 class=\"elementor-heading-title elementor-size-default\">MODERN jazz<\/h2>\t\t\t\t<\/div>\n\t\t\t\t<\/div>\n\t\t\t\t<\/div>\n\t\t<div class=\"elementor-element elementor-element-9a22c29 e-con-full e-flex e-con e-parent\" data-id=\"9a22c29\" data-element_type=\"container\" data-settings=\"{&quot;background_background&quot;:&quot;classic&quot;,&quot;shape_divider_bottom&quot;:&quot;tilt&quot;}\">\n\t\t\t\t<div class=\"elementor-shape elementor-shape-bottom\" aria-hidden=\"true\" data-negative=\"false\">\n\t\t\t<svg xmlns=\"http:\/\/www.w3.org\/2000\/svg\" viewBox=\"0 0 1000 100\" preserveAspectRatio=\"none\">\n\t<path class=\"elementor-shape-fill\" d=\"M0,6V0h1000v100L0,6z\"\/>\n<\/svg>\t\t<\/div>\n\t\t\t\t<div class=\"elementor-element elementor-element-a487746 elementor-widget elementor-widget-text-editor\" data-id=\"a487746\" data-element_type=\"widget\" data-widget_type=\"text-editor.default\">\n\t\t\t\t<div class=\"elementor-widget-container\">\n\t\t\t\t\t\t\t\t\t<p style=\"text-align: center;\"><span style=\"color: #ffffff;\"><span dir=\"auto\" style=\"vertical-align: inherit;\">Nos cours de Danse Classique s&rsquo;adressent \u00e0 tous les enfants (filles ou gar\u00e7ons) \u00e0 partir de 5 ans. D\u00e9couvrez ou red\u00e9couvrez la danse dans des cours con\u00e7us pour tous les niveaux et tous les \u00e2ges dans une approche progressive permettant \u00e0 chacun d&rsquo;\u00e9voluer selon son rythme. Dans nos cours, vous d\u00e9couvrirez les mouvements fondamentaux tout en d\u00e9veloppant votre souplesse, votre posture et votre sens de l&rsquo;expression artistique.<\/span><\/span><\/p><p style=\"text-align: center;\"><span style=\"color: #ffffff;\"><span dir=\"auto\" style=\"vertical-align: inherit;\">Venez d\u00e9couvrir la danse lors de nos repr\u00e9sentations<\/span><\/span><\/p><p style=\"text-align: center;\"><span style=\"color: #ffffff;\"><span dir=\"auto\" style=\"vertical-align: inherit;\"> au <\/span><a style=\"color: #ffffff;\" href=\"https:\/\/ecolemusiquedanse-stgalmier.fr\/index.php\/agenda\/\"><strong><span dir=\"auto\" style=\"vertical-align: inherit;\">Spectacle Musique et Danse<\/span><\/strong><\/a> <\/span><\/p><p style=\"text-align: center;\"><span style=\"color: #ffffff;\"><span dir=\"auto\" style=\"vertical-align: inherit;\">et <\/span><\/span><\/p><p style=\"text-align: center;\"><span style=\"color: #ffffff;\"><span dir=\"auto\" style=\"vertical-align: inherit;\">au <\/span><strong><a style=\"color: #ffffff;\" href=\"https:\/\/ecolemusiquedanse-stgalmier.fr\/index.php\/agenda\/\"><span dir=\"auto\" style=\"vertical-align: inherit;\">Gala de fin d&rsquo;ann\u00e9e<\/span><\/a><span dir=\"auto\" style=\"vertical-align: inherit;\">.<\/span><\/strong><\/span><\/p>\t\t\t\t\t\t\t\t<\/div>\n\t\t\t\t<\/div>\n\t\t\t\t<\/div>\n\t\t<div class=\"elementor-element elementor-element-d75f535 e-flex e-con-boxed e-con e-parent\" data-id=\"d75f535\" data-element_type=\"container\">\n\t\t\t\t\t<div class=\"e-con-inner\">\n\t\t\t\t<div class=\"elementor-element elementor-element-747141b elementor-widget elementor-widget-text-editor\" data-id=\"747141b\" data-element_type=\"widget\" data-widget_type=\"text-editor.default\">\n\t\t\t\t<div class=\"elementor-widget-container\">\n\t\t\t\t\t\t\t\t\t<p style=\"text-align: center;\"><span style=\"color: #000000;\"><span style=\"color: #333333;\"><strong>Modern Jazz &#8211; MJG1 <\/strong>:<\/span><\/span><\/p><p style=\"text-align: center;\"><span style=\"color: #000000;\">Vendredi\u00a0<\/span><span style=\"font-style: inherit; font-weight: inherit;\">17h15 &#8211; 18h30<\/span><\/p><p>\u00a0<\/p><p style=\"text-align: center;\"><span style=\"color: #000000;\"><span style=\"color: #333333;\"><strong>Modern Jazz &#8211; MJG2 <\/strong>:<\/span>\u00a0<\/span><\/p><p style=\"text-align: center;\"><span style=\"color: #000000;\">Vendredi\u00a0<\/span><span style=\"color: #000000;\"> 18h30 &#8211; 20h00<\/span><\/p><p>\u00a0<\/p><p style=\"text-align: center;\"><span style=\"color: #000000;\"><span style=\"color: #333333;\"><strong>Modern Jazz &#8211; MJG3 <\/strong>:<\/span><\/span><\/p><p style=\"text-align: center;\"><span style=\"color: #000000;\"> Mercredi <\/span><span style=\"color: #000000;\">13h30 &#8211; 15h00<\/span><\/p><p>\u00a0<\/p><p style=\"text-align: center;\"><span style=\"color: #000000;\"><span style=\"color: #00ccff;\"><strong><span style=\"color: #333333;\">Modern Jazz &#8211; MJG4 <\/span><\/strong><span style=\"color: #000000;\">:<\/span>\u00a0<\/span><\/span><\/p><p style=\"text-align: center;\"><span style=\"color: #000000;\">Mercredi\u00a0<\/span><span style=\"font-style: inherit; font-weight: inherit;\">15h45 &#8211; 17h15<\/span><\/p><p style=\"text-align: center;\"><span style=\"color: #000000;\">\u00a0<\/span><\/p>\t\t\t\t\t\t\t\t<\/div>\n\t\t\t\t<\/div>\n\t\t\t\t\t<\/div>\n\t\t\t\t<\/div>\n\t\t\t\t<\/div>\n\t\t","protected":false},"excerpt":{"rendered":"<p>MODERN jazz Nos cours de Danse Classique s&rsquo;adressent \u00e0 tous les enfants (filles ou gar\u00e7ons) \u00e0 partir de 5 ans. [&hellip;]<\/p>\n","protected":false},"author":3,"featured_media":0,"parent":0,"menu_order":0,"comment_status":"closed","ping_status":"closed","template":"","meta":{"_eb_attr":"","_uag_custom_page_level_css":"","site-sidebar-layout":"default","site-content-layout":"","ast-site-content-layout":"default","site-content-style":"default","site-sidebar-style":"default","ast-global-header-display":"","ast-banner-title-visibility":"","ast-main-header-display":"","ast-hfb-above-header-display":"","ast-hfb-below-header-display":"","ast-hfb-mobile-header-display":"","site-post-title":"","ast-breadcrumbs-content":"","ast-featured-img":"","footer-sml-layout":"","theme-transparent-header-meta":"","adv-header-id-meta":"","stick-header-meta":"","header-above-stick-meta":"","header-main-stick-meta":"","header-below-stick-meta":"","astra-migrate-meta-layouts":"default","ast-page-background-enabled":"default","ast-page-background-meta":{"desktop":{"background-color":"var(--ast-global-color-5)","background-image":"","background-repeat":"repeat","background-position":"center center","background-size":"auto","background-attachment":"scroll","background-type":"","background-media":"","overlay-type":"","overlay-color":"","overlay-opacity":"","overlay-gradient":""},"tablet":{"background-color":"","background-image":"","background-repeat":"repeat","background-position":"center center","background-size":"auto","background-attachment":"scroll","background-type":"","background-media":"","overlay-type":"","overlay-color":"","overlay-opacity":"","overlay-gradient":""},"mobile":{"background-color":"","background-image":"","background-repeat":"repeat","background-position":"center center","background-size":"auto","background-attachment":"scroll","background-type":"","background-media":"","overlay-type":"","overlay-color":"","overlay-opacity":"","overlay-gradient":""}},"ast-content-background-meta":{"desktop":{"background-color":"var(--ast-global-color-4)","background-image":"","background-repeat":"repeat","background-position":"center center","background-size":"auto","background-attachment":"scroll","background-type":"","background-media":"","overlay-type":"","overlay-color":"","overlay-opacity":"","overlay-gradient":""},"tablet":{"background-color":"var(--ast-global-color-4)","background-image":"","background-repeat":"repeat","background-position":"center center","background-size":"auto","background-attachment":"scroll","background-type":"","background-media":"","overlay-type":"","overlay-color":"","overlay-opacity":"","overlay-gradient":""},"mobile":{"background-color":"var(--ast-global-color-4)","background-image":"","background-repeat":"repeat","background-position":"center center","background-size":"auto","background-attachment":"scroll","background-type":"","background-media":"","overlay-type":"","overlay-color":"","overlay-opacity":"","overlay-gradient":""}},"footnotes":""},"class_list":["post-2627","page","type-page","status-publish","hentry"],"uagb_featured_image_src":{"full":false,"thumbnail":false,"medium":false,"medium_large":false,"large":false,"1536x1536":false,"2048x2048":false},"uagb_author_info":{"display_name":"therese","author_link":"https:\/\/ecolemusiquedanse-stgalmier.fr\/index.php\/author\/therese\/"},"uagb_comment_info":0,"uagb_excerpt":"MODERN jazz Nos cours de Danse Classique s&rsquo;adressent \u00e0 tous les enfants (filles ou gar\u00e7ons) \u00e0 partir de 5 ans. [&hellip;]","_links":{"self":[{"href":"https:\/\/ecolemusiquedanse-stgalmier.fr\/index.php\/wp-json\/wp\/v2\/pages\/2627","targetHints":{"allow":["GET"]}}],"collection":[{"href":"https:\/\/ecolemusiquedanse-stgalmier.fr\/index.php\/wp-json\/wp\/v2\/pages"}],"about":[{"href":"https:\/\/ecolemusiquedanse-stgalmier.fr\/index.php\/wp-json\/wp\/v2\/types\/page"}],"author":[{"embeddable":true,"href":"https:\/\/ecolemusiquedanse-stgalmier.fr\/index.php\/wp-json\/wp\/v2\/users\/3"}],"replies":[{"embeddable":true,"href":"https:\/\/ecolemusiquedanse-stgalmier.fr\/index.php\/wp-json\/wp\/v2\/comments?post=2627"}],"version-history":[{"count":87,"href":"https:\/\/ecolemusiquedanse-stgalmier.fr\/index.php\/wp-json\/wp\/v2\/pages\/2627\/revisions"}],"predecessor-version":[{"id":7439,"href":"https:\/\/ecolemusiquedanse-stgalmier.fr\/index.php\/wp-json\/wp\/v2\/pages\/2627\/revisions\/7439"}],"wp:attachment":[{"href":"https:\/\/ecolemusiquedanse-stgalmier.fr\/index.php\/wp-json\/wp\/v2\/media?parent=2627"}],"curies":[{"name":"wp","href":"https:\/\/api.w.org\/{rel}","templated":true}]}}